{"id":308,"date":"2020-01-13T11:17:52","date_gmt":"2020-01-13T11:17:52","guid":{"rendered":"https:\/\/demosites.io\/web-agency-gb\/?page_id=5"},"modified":"2024-09-11T17:04:53","modified_gmt":"2024-09-11T17:04:53","slug":"15c42-web-agency-gb-home","status":"publish","type":"page","link":"https:\/\/cooperativeteaching.it\/","title":{"rendered":"Home"},"content":{"rendered":"\n<div class=\"wp-block-cover alignfull is-light\" style=\"min-height:700px;aspect-ratio:unset;\"><span aria-hidden=\"true\" class=\"wp-block-cover__background has-background-dim-0 has-background-dim\"><\/span><img loading=\"lazy\" decoding=\"async\" width=\"1640\" height=\"924\" class=\"wp-block-cover__image-background wp-image-360\" alt=\"\" src=\"https:\/\/cooperativeteaching.it\/wp-content\/uploads\/2022\/08\/Progetto-senza-titolo.png\" style=\"object-position:53% 53%\" data-object-fit=\"cover\" data-object-position=\"53% 53%\" srcset=\"https:\/\/cooperativeteaching.it\/wp-content\/uploads\/2022\/08\/Progetto-senza-titolo.png 1640w, https:\/\/cooperativeteaching.it\/wp-content\/uploads\/2022\/08\/Progetto-senza-titolo-300x169.png 300w, https:\/\/cooperativeteaching.it\/wp-content\/uploads\/2022\/08\/Progetto-senza-titolo-1024x577.png 1024w, https:\/\/cooperativeteaching.it\/wp-content\/uploads\/2022\/08\/Progetto-senza-titolo-768x433.png 768w, https:\/\/cooperativeteaching.it\/wp-content\/uploads\/2022\/08\/Progetto-senza-titolo-1536x865.png 1536w\" sizes=\"auto, (max-width: 1640px) 100vw, 1640px\" \/><div class=\"wp-block-cover__inner-container is-layout-flow wp-block-cover-is-layout-flow\">\n<h1 class=\"wp-block-heading has-text-align-center has-text-color\" style=\"color:#121212\">Cooperative Teaching<\/h1>\n\n\n\n<div class=\"wp-block-buttons is-horizontal is-content-justification-center is-layout-flex wp-container-core-buttons-is-layout-499968f5 wp-block-buttons-is-layout-flex\">\n<div class=\"wp-block-button is-style-primary\"><a class=\"wp-block-button__link wp-element-button\" href=\"https:\/\/cooperativeteaching.it\/index.php\/15c42-web-agency-gb-about-us\/\" target=\"_blank\" rel=\"noreferrer noopener\">PROGETTO<\/a><\/div>\n\n\n\n<div class=\"wp-block-button is-style-secondary\"><a class=\"wp-block-button__link wp-element-button\" href=\"https:\/\/cooperativeteaching.it\/index.php\/15c42-web-agency-gb-collaborazioni\/\" target=\"_blank\" rel=\"noreferrer noopener\">COLLABORA<\/a><\/div>\n<\/div>\n<\/div><\/div>\n\n\n\n<p><\/p>\n\n\n\n<div class=\"wp-block-columns is-layout-flex wp-container-core-columns-is-layout-9d6595d7 wp-block-columns-is-layout-flex\">\n<div class=\"wp-block-column is-layout-flow wp-block-column-is-layout-flow\"><\/div>\n\n\n\n<div class=\"wp-block-column is-layout-flow wp-block-column-is-layout-flow\"><\/div>\n<\/div>\n\n\n\n<div class=\"wp-block-cover alignfull\" style=\"min-height:600px;aspect-ratio:unset;\"><span aria-hidden=\"true\" class=\"wp-block-cover__background has-nv-light-bg-background-color has-background-dim-100 has-background-dim\"><\/span><div class=\"wp-block-cover__inner-container is-layout-flow wp-block-cover-is-layout-flow\">\n<div class=\"wp-block-group\"><div class=\"wp-block-group__inner-container is-layout-flow wp-block-group-is-layout-flow\">\n<div style=\"height:80px\" aria-hidden=\"true\" class=\"wp-block-spacer\"><\/div>\n\n\n\n<div class=\"wp-block-columns are-vertically-aligned-center is-layout-flex wp-container-core-columns-is-layout-9d6595d7 wp-block-columns-is-layout-flex\">\n<div class=\"wp-block-column is-vertically-aligned-center is-layout-flow wp-block-column-is-layout-flow\" style=\"flex-basis:50%\">\n<figure class=\"wp-block-image size-large is-resized\"><img loading=\"lazy\" decoding=\"async\" width=\"1024\" height=\"683\" src=\"https:\/\/cooperativeteaching.it\/wp-content\/uploads\/2022\/08\/john-schnobrich-2FPjlAyMQTA-unsplash-1024x683.jpg\" alt=\"\" class=\"wp-image-374\" style=\"width:518px;height:345px\" srcset=\"https:\/\/cooperativeteaching.it\/wp-content\/uploads\/2022\/08\/john-schnobrich-2FPjlAyMQTA-unsplash-1024x683.jpg 1024w, https:\/\/cooperativeteaching.it\/wp-content\/uploads\/2022\/08\/john-schnobrich-2FPjlAyMQTA-unsplash-300x200.jpg 300w, https:\/\/cooperativeteaching.it\/wp-content\/uploads\/2022\/08\/john-schnobrich-2FPjlAyMQTA-unsplash-768x512.jpg 768w, https:\/\/cooperativeteaching.it\/wp-content\/uploads\/2022\/08\/john-schnobrich-2FPjlAyMQTA-unsplash-1536x1024.jpg 1536w, https:\/\/cooperativeteaching.it\/wp-content\/uploads\/2022\/08\/john-schnobrich-2FPjlAyMQTA-unsplash-2048x1365.jpg 2048w, https:\/\/cooperativeteaching.it\/wp-content\/uploads\/2022\/08\/john-schnobrich-2FPjlAyMQTA-unsplash-930x620.jpg 930w\" sizes=\"auto, (max-width: 1024px) 100vw, 1024px\" \/><\/figure>\n<\/div>\n\n\n\n<div class=\"wp-block-column is-vertically-aligned-center is-layout-flow wp-block-column-is-layout-flow\" style=\"flex-basis:50%\">\n<div style=\"height:20px\" aria-hidden=\"true\" class=\"wp-block-spacer\"><\/div>\n\n\n\n<h2 class=\"wp-block-heading has-text-align-left has-neve-text-color-color has-text-color\">Che cos&#8217;\u00e8 il Cooperative Teaching<\/h2>\n\n\n\n<p class=\"has-text-align-left has-neve-text-color-color has-text-color\" style=\"font-size:17px\">Il Cooperative Teaching \u00e8 un progetto che nasce a partire dai social network per creare spazi virtuali di confronto tra docenti. L&#8217;obiettivo \u00e8 migliorare il proprio modo di insegnare attraverso la cooperazione.<\/p>\n\n\n\n<div class=\"wp-block-buttons is-horizontal is-content-justification-left is-layout-flex wp-container-core-buttons-is-layout-7e5fce0a wp-block-buttons-is-layout-flex\">\n<div class=\"wp-block-button is-style-primary\"><a class=\"wp-block-button__link wp-element-button\" href=\"https:\/\/cooperativeteaching.it\/index.php\/15c42-web-agency-gb-about-us\/\">SCOPRI DI PI\u00d9<\/a><\/div>\n<\/div>\n<\/div>\n<\/div>\n\n\n\n<div style=\"height:40px\" aria-hidden=\"true\" class=\"wp-block-spacer\"><\/div>\n<\/div><\/div>\n<\/div><\/div>\n\n\n\n<div class=\"wp-block-cover alignfull\" style=\"min-height:600px;aspect-ratio:unset;\"><span aria-hidden=\"true\" class=\"wp-block-cover__background has-nv-site-bg-background-color has-background-dim-100 has-background-dim\"><\/span><div class=\"wp-block-cover__inner-container is-layout-flow wp-block-cover-is-layout-flow\">\n<div class=\"wp-block-group\"><div class=\"wp-block-group__inner-container is-layout-flow wp-block-group-is-layout-flow\">\n<div style=\"height:80px\" aria-hidden=\"true\" class=\"wp-block-spacer\"><\/div>\n\n\n\n<div class=\"wp-block-columns are-vertically-aligned-center is-layout-flex wp-container-core-columns-is-layout-9d6595d7 wp-block-columns-is-layout-flex\">\n<div class=\"wp-block-column is-vertically-aligned-center is-layout-flow wp-block-column-is-layout-flow\" style=\"flex-basis:50%\">\n<h2 class=\"wp-block-heading has-text-align-left has-neve-text-color-color has-text-color\">Cosa bolle in pentola?<\/h2>\n\n\n\n<p class=\"has-text-align-left has-neve-text-color-color has-text-color\" style=\"font-size:17px\">In questa sezione puoi trovare tutte le proposte attualmente attive. Essendo una realt\u00e0 cooperativa, l&#8217;offerta si genera da voi per voi, andando a creare uno scambio reale attraverso una piattaforma virtuale.<\/p>\n\n\n\n<div class=\"wp-block-buttons is-horizontal is-content-justification-left is-layout-flex wp-container-core-buttons-is-layout-7e5fce0a wp-block-buttons-is-layout-flex\">\n<div class=\"wp-block-button is-style-primary\"><a class=\"wp-block-button__link wp-element-button\" href=\"https:\/\/cooperativeteaching.it\/index.php\/15c42-web-agency-gb-portfolio\/\">SCOPRI DI PI\u00d9<\/a><\/div>\n<\/div>\n\n\n\n<div style=\"height:40px\" aria-hidden=\"true\" class=\"wp-block-spacer\"><\/div>\n<\/div>\n\n\n\n<div class=\"wp-block-column is-vertically-aligned-center is-layout-flow wp-block-column-is-layout-flow\" style=\"flex-basis:50%\">\n<figure class=\"wp-block-image size-large\"><img loading=\"lazy\" decoding=\"async\" width=\"1024\" height=\"683\" src=\"https:\/\/cooperativeteaching.it\/wp-content\/uploads\/2022\/08\/absolutvision-82TpEld0_e4-unsplash-1024x683.jpg\" alt=\"\" class=\"wp-image-377\" srcset=\"https:\/\/cooperativeteaching.it\/wp-content\/uploads\/2022\/08\/absolutvision-82TpEld0_e4-unsplash-1024x683.jpg 1024w, https:\/\/cooperativeteaching.it\/wp-content\/uploads\/2022\/08\/absolutvision-82TpEld0_e4-unsplash-300x200.jpg 300w, https:\/\/cooperativeteaching.it\/wp-content\/uploads\/2022\/08\/absolutvision-82TpEld0_e4-unsplash-768x512.jpg 768w, https:\/\/cooperativeteaching.it\/wp-content\/uploads\/2022\/08\/absolutvision-82TpEld0_e4-unsplash-1536x1024.jpg 1536w, https:\/\/cooperativeteaching.it\/wp-content\/uploads\/2022\/08\/absolutvision-82TpEld0_e4-unsplash-2048x1365.jpg 2048w, https:\/\/cooperativeteaching.it\/wp-content\/uploads\/2022\/08\/absolutvision-82TpEld0_e4-unsplash-930x620.jpg 930w\" sizes=\"auto, (max-width: 1024px) 100vw, 1024px\" \/><\/figure>\n<\/div>\n<\/div>\n\n\n\n<div style=\"height:40px\" aria-hidden=\"true\" class=\"wp-block-spacer\"><\/div>\n<\/div><\/div>\n<\/div><\/div>\n\n\n\n<div class=\"wp-block-cover alignfull\" style=\"min-height:600px;aspect-ratio:unset;\"><span aria-hidden=\"true\" class=\"wp-block-cover__background has-nv-light-bg-background-color has-background-dim-100 has-background-dim\"><\/span><div class=\"wp-block-cover__inner-container is-layout-flow wp-block-cover-is-layout-flow\">\n<div class=\"wp-block-group\"><div class=\"wp-block-group__inner-container is-layout-flow wp-block-group-is-layout-flow\">\n<div style=\"height:80px\" aria-hidden=\"true\" class=\"wp-block-spacer\"><\/div>\n\n\n\n<div class=\"wp-block-columns are-vertically-aligned-center is-layout-flex wp-container-core-columns-is-layout-9d6595d7 wp-block-columns-is-layout-flex\">\n<div class=\"wp-block-column is-vertically-aligned-center is-layout-flow wp-block-column-is-layout-flow\" style=\"flex-basis:50%\">\n<figure class=\"wp-block-image size-large\"><img loading=\"lazy\" decoding=\"async\" width=\"1024\" height=\"736\" src=\"https:\/\/cooperativeteaching.it\/wp-content\/uploads\/2022\/08\/sigmund-YUuSAJkS3U4-unsplash-1024x736.jpg\" alt=\"\" class=\"wp-image-376\" srcset=\"https:\/\/cooperativeteaching.it\/wp-content\/uploads\/2022\/08\/sigmund-YUuSAJkS3U4-unsplash-1024x736.jpg 1024w, https:\/\/cooperativeteaching.it\/wp-content\/uploads\/2022\/08\/sigmund-YUuSAJkS3U4-unsplash-300x216.jpg 300w, https:\/\/cooperativeteaching.it\/wp-content\/uploads\/2022\/08\/sigmund-YUuSAJkS3U4-unsplash-768x552.jpg 768w, https:\/\/cooperativeteaching.it\/wp-content\/uploads\/2022\/08\/sigmund-YUuSAJkS3U4-unsplash-1536x1105.jpg 1536w, https:\/\/cooperativeteaching.it\/wp-content\/uploads\/2022\/08\/sigmund-YUuSAJkS3U4-unsplash-2048x1473.jpg 2048w\" sizes=\"auto, (max-width: 1024px) 100vw, 1024px\" \/><\/figure>\n<\/div>\n\n\n\n<div class=\"wp-block-column is-vertically-aligned-center is-layout-flow wp-block-column-is-layout-flow\" style=\"flex-basis:50%\">\n<div style=\"height:40px\" aria-hidden=\"true\" class=\"wp-block-spacer\"><\/div>\n\n\n\n<h2 class=\"wp-block-heading has-text-align-left has-nv-dark-bg-color has-text-color\">Eventi passati<\/h2>\n\n\n\n<p class=\"has-text-align-left has-nv-dark-bg-color has-text-color\" style=\"font-size:17px\">Se vuoi avere un&#8217;idea di cosa significhi partecipare al Cooperative Teaching, sfoglia la galleria degli eventi che si sono gi\u00e0 svolti. Ricorda, non \u00e8 importante la tua esperienza pregressa, ma la voglia di metterti in gioco.<\/p>\n\n\n\n<div class=\"wp-block-buttons is-horizontal is-content-justification-left is-layout-flex wp-container-core-buttons-is-layout-7e5fce0a wp-block-buttons-is-layout-flex\">\n<div class=\"wp-block-button is-style-primary\"><a class=\"wp-block-button__link wp-element-button\" href=\"https:\/\/cooperativeteaching.it\/index.php\/eventi-passati\/\">SCOPRI DI PI\u00d9<\/a><\/div>\n<\/div>\n<\/div>\n<\/div>\n\n\n\n<div style=\"height:50px\" aria-hidden=\"true\" class=\"wp-block-spacer\"><\/div>\n<\/div><\/div>\n<\/div><\/div>\n\n\n\n<div class=\"wp-block-cover alignfull\" style=\"min-height:420px;aspect-ratio:unset;\"><span aria-hidden=\"true\" class=\"wp-block-cover__background has-nv-dark-bg-background-color has-background-dim-100 has-background-dim\"><\/span><div class=\"wp-block-cover__inner-container is-layout-flow wp-block-cover-is-layout-flow\">\n<div class=\"wp-block-group has-medium-font-size is-vertical is-layout-flex wp-container-core-group-is-layout-8cf370e7 wp-block-group-is-layout-flex\">\n<div class=\"wp-block-group is-horizontal is-layout-flex wp-block-group-is-layout-flex\">\n<div class=\"wp-block-group\"><div class=\"wp-block-group__inner-container is-layout-flow wp-block-group-is-layout-flow\">\n<div class=\"wp-block-group is-horizontal is-content-justification-left is-layout-flex wp-container-core-group-is-layout-330e958a wp-block-group-is-layout-flex\">\n<div class=\"wp-block-group is-nowrap is-layout-flex wp-container-core-group-is-layout-ad2f72ca wp-block-group-is-layout-flex\">\n<div class=\"wp-block-group is-content-justification-space-between is-nowrap is-layout-flex wp-container-core-group-is-layout-0dfbf163 wp-block-group-is-layout-flex\"><ol class=\"has-dates has-excerpts wp-block-latest-comments\"><li class=\"wp-block-latest-comments__comment\"><article><footer class=\"wp-block-latest-comments__comment-meta\"><span class=\"wp-block-latest-comments__comment-author\">Diana Lenzi<\/span> su <a class=\"wp-block-latest-comments__comment-link\" href=\"https:\/\/cooperativeteaching.it\/index.php\/2022\/11\/28\/gdl-jigsaw-christmas-edition\/#comment-21\">GDL Jigsaw &#8211; Christmas edition<\/a><time datetime=\"2022-12-09T11:33:26+00:00\" class=\"wp-block-latest-comments__comment-date\">Dicembre 9, 2022<\/time><\/footer><div class=\"wp-block-latest-comments__comment-excerpt\"><p>Grazie per questa entusiasmante proposta! Le cinquine sono tutte molto interessanti per chi come me, oltre che insegnante, \u00e8 educatrice&hellip;<\/p>\n<\/div><\/article><\/li><li class=\"wp-block-latest-comments__comment\"><article><footer class=\"wp-block-latest-comments__comment-meta\"><a class=\"wp-block-latest-comments__comment-author\" href=\"http:\/\/francescablog.it\">Francesca<\/a> su <a class=\"wp-block-latest-comments__comment-link\" href=\"https:\/\/cooperativeteaching.it\/index.php\/2021\/11\/02\/what-is-the-progressive-web-app-pwa-and-how-it-works\/#comment-18\">GDL Jigsaw<\/a><time datetime=\"2022-11-30T15:37:42+00:00\" class=\"wp-block-latest-comments__comment-date\">Novembre 30, 2022<\/time><\/footer><div class=\"wp-block-latest-comments__comment-excerpt\"><p>Ciao Michela, guarda nella sezione cosa bolle in pentola &#8211; GDL JIGSAW \u2013 CHRISTMAS EDITION, \u00e8 in partenza la versione&hellip;<\/p>\n<\/div><\/article><\/li><li class=\"wp-block-latest-comments__comment\"><article><footer class=\"wp-block-latest-comments__comment-meta\"><span class=\"wp-block-latest-comments__comment-author\">Marianna<\/span> su <a class=\"wp-block-latest-comments__comment-link\" href=\"https:\/\/cooperativeteaching.it\/index.php\/2022\/10\/06\/s-o-s-teniamoci\/#comment-17\">S.O.S.teniamoci<\/a><time datetime=\"2022-11-17T05:37:22+00:00\" class=\"wp-block-latest-comments__comment-date\">Novembre 17, 2022<\/time><\/footer><div class=\"wp-block-latest-comments__comment-excerpt\"><p>Scopro solo adesso la vostra piattaforma e vi ringrazio infinitamente per la condivisione. Ho iniziato da poco il percorso di&hellip;<\/p>\n<\/div><\/article><\/li><\/ol><\/div>\n<\/div>\n<\/div>\n<\/div><\/div>\n<\/div>\n<\/div>\n\n\n\n<h2 class=\"wp-block-heading\">I vostri commenti<\/h2>\n<\/div><\/div>\n\n\n\n<div class=\"wp-block-cover alignfull\" style=\"min-height:300px;aspect-ratio:unset;\"><span aria-hidden=\"true\" class=\"wp-block-cover__background has-nv-site-bg-background-color has-background-dim-100 has-background-dim\"><\/span><div class=\"wp-block-cover__inner-container is-layout-flow wp-block-cover-is-layout-flow\">\n<div style=\"height:140px\" aria-hidden=\"true\" class=\"wp-block-spacer\"><\/div>\n\n\n\n<h2 class=\"wp-block-heading has-text-align-center has-nv-dark-bg-color has-text-color\">Lavoriamo insieme sul prossimo evento<\/h2>\n\n\n\n<p class=\"has-text-align-center has-nv-dark-bg-color has-text-color\">Pensi di avere nel cassetto una proposta per il Cooperative Teaching? <br>Vuoi proporre un&#8217;Occasione di scambio con altri docenti? <br>Scrivimi; sar\u00f2 felice di valutare insieme a te la tua proposta.<\/p>\n\n\n\n<div class=\"wp-block-buttons is-horizontal is-content-justification-center is-layout-flex wp-container-core-buttons-is-layout-499968f5 wp-block-buttons-is-layout-flex\">\n<div class=\"wp-block-button is-style-primary\"><a class=\"wp-block-button__link wp-element-button\" href=\"https:\/\/cooperativeteaching.it\/index.php\/15c42-web-agency-gb-collaborazioni\/\">PROPONI<\/a><\/div>\n<\/div>\n\n\n\n<div class=\"wp-block-buttons is-layout-flex wp-block-buttons-is-layout-flex\">\n<div class=\"wp-block-button\"><a class=\"wp-block-button__link wp-element-button\" href=\"https:\/\/cooperativeteaching.it\/index.php\/privacy-policy\/\">Privacy Policy<\/a><\/div>\n<\/div>\n<\/div><\/div>\n\n\n\n<p><\/p>\n","protected":false},"excerpt":{"rendered":"","protected":false},"author":1,"featured_media":0,"parent":0,"menu_order":0,"comment_status":"closed","ping_status":"closed","template":"","meta":{"neve_meta_sidebar":"default","neve_meta_container":"default","neve_meta_enable_content_width":"on","neve_meta_content_width":100,"neve_meta_title_alignment":"","neve_meta_author_avatar":"","neve_post_elements_order":"","neve_meta_disable_header":"","neve_meta_disable_footer":"","neve_meta_disable_title":"on","footnotes":""},"class_list":["post-308","page","type-page","status-publish","hentry"],"yoast_head":"<!-- This site is optimized with the Yoast SEO plugin v19.11 - https:\/\/yoast.com\/wordpress\/plugins\/seo\/ -->\n<title>Home - Cooperative Teaching<\/title>\n<meta name=\"robots\" content=\"index, follow, max-snippet:-1, max-image-preview:large, max-video-preview:-1\" \/>\n<link rel=\"canonical\" href=\"https:\/\/cooperativeteaching.it\/\" \/>\n<meta property=\"og:locale\" content=\"it_IT\" \/>\n<meta property=\"og:type\" content=\"article\" \/>\n<meta property=\"og:title\" content=\"Home - Cooperative Teaching\" \/>\n<meta property=\"og:url\" content=\"https:\/\/cooperativeteaching.it\/\" \/>\n<meta property=\"og:site_name\" content=\"Cooperative Teaching\" \/>\n<meta property=\"article:modified_time\" content=\"2024-09-11T17:04:53+00:00\" \/>\n<meta property=\"og:image\" content=\"https:\/\/cooperativeteaching.it\/wp-content\/uploads\/2022\/08\/Progetto-senza-titolo.png\" \/>\n<meta name=\"twitter:card\" content=\"summary_large_image\" \/>\n<meta name=\"twitter:label1\" content=\"Tempo di lettura stimato\" \/>\n\t<meta name=\"twitter:data1\" content=\"2 minuti\" \/>\n<script type=\"application\/ld+json\" class=\"yoast-schema-graph\">{\"@context\":\"https:\/\/schema.org\",\"@graph\":[{\"@type\":\"WebPage\",\"@id\":\"https:\/\/cooperativeteaching.it\/\",\"url\":\"https:\/\/cooperativeteaching.it\/\",\"name\":\"Home - Cooperative Teaching\",\"isPartOf\":{\"@id\":\"https:\/\/cooperativeteaching.it\/#website\"},\"datePublished\":\"2020-01-13T11:17:52+00:00\",\"dateModified\":\"2024-09-11T17:04:53+00:00\",\"breadcrumb\":{\"@id\":\"https:\/\/cooperativeteaching.it\/#breadcrumb\"},\"inLanguage\":\"it-IT\",\"potentialAction\":[{\"@type\":\"ReadAction\",\"target\":[\"https:\/\/cooperativeteaching.it\/\"]}]},{\"@type\":\"BreadcrumbList\",\"@id\":\"https:\/\/cooperativeteaching.it\/#breadcrumb\",\"itemListElement\":[{\"@type\":\"ListItem\",\"position\":1,\"name\":\"Home\",\"item\":\"https:\/\/cooperativeteaching.it\/\"},{\"@type\":\"ListItem\",\"position\":2,\"name\":\"Home\"}]},{\"@type\":\"WebSite\",\"@id\":\"https:\/\/cooperativeteaching.it\/#website\",\"url\":\"https:\/\/cooperativeteaching.it\/\",\"name\":\"Cooperative Teaching\",\"description\":\"Insegnare \u00e8 bello, condividere lo \u00e8 ancora di pi\u00f9\",\"publisher\":{\"@id\":\"https:\/\/cooperativeteaching.it\/#organization\"},\"potentialAction\":[{\"@type\":\"SearchAction\",\"target\":{\"@type\":\"EntryPoint\",\"urlTemplate\":\"https:\/\/cooperativeteaching.it\/?s={search_term_string}\"},\"query-input\":\"required name=search_term_string\"}],\"inLanguage\":\"it-IT\"},{\"@type\":\"Organization\",\"@id\":\"https:\/\/cooperativeteaching.it\/#organization\",\"name\":\"Cooperative Teaching\",\"url\":\"https:\/\/cooperativeteaching.it\/\",\"logo\":{\"@type\":\"ImageObject\",\"inLanguage\":\"it-IT\",\"@id\":\"https:\/\/cooperativeteaching.it\/#\/schema\/logo\/image\/\",\"url\":\"https:\/\/cooperativeteaching.it\/wp-content\/uploads\/2022\/08\/Honey.png\",\"contentUrl\":\"https:\/\/cooperativeteaching.it\/wp-content\/uploads\/2022\/08\/Honey.png\",\"width\":500,\"height\":500,\"caption\":\"Cooperative Teaching\"},\"image\":{\"@id\":\"https:\/\/cooperativeteaching.it\/#\/schema\/logo\/image\/\"},\"sameAs\":[\"https:\/\/www.instagram.com\/pseudo_intellettuale\/\"]}]}<\/script>\n<!-- \/ Yoast SEO plugin. -->","yoast_head_json":{"title":"Home - Cooperative Teaching","robots":{"index":"index","follow":"follow","max-snippet":"max-snippet:-1","max-image-preview":"max-image-preview:large","max-video-preview":"max-video-preview:-1"},"canonical":"https:\/\/cooperativeteaching.it\/","og_locale":"it_IT","og_type":"article","og_title":"Home - Cooperative Teaching","og_url":"https:\/\/cooperativeteaching.it\/","og_site_name":"Cooperative Teaching","article_modified_time":"2024-09-11T17:04:53+00:00","og_image":[{"url":"https:\/\/cooperativeteaching.it\/wp-content\/uploads\/2022\/08\/Progetto-senza-titolo.png"}],"twitter_card":"summary_large_image","twitter_misc":{"Tempo di lettura stimato":"2 minuti"},"schema":{"@context":"https:\/\/schema.org","@graph":[{"@type":"WebPage","@id":"https:\/\/cooperativeteaching.it\/","url":"https:\/\/cooperativeteaching.it\/","name":"Home - Cooperative Teaching","isPartOf":{"@id":"https:\/\/cooperativeteaching.it\/#website"},"datePublished":"2020-01-13T11:17:52+00:00","dateModified":"2024-09-11T17:04:53+00:00","breadcrumb":{"@id":"https:\/\/cooperativeteaching.it\/#breadcrumb"},"inLanguage":"it-IT","potentialAction":[{"@type":"ReadAction","target":["https:\/\/cooperativeteaching.it\/"]}]},{"@type":"BreadcrumbList","@id":"https:\/\/cooperativeteaching.it\/#breadcrumb","itemListElement":[{"@type":"ListItem","position":1,"name":"Home","item":"https:\/\/cooperativeteaching.it\/"},{"@type":"ListItem","position":2,"name":"Home"}]},{"@type":"WebSite","@id":"https:\/\/cooperativeteaching.it\/#website","url":"https:\/\/cooperativeteaching.it\/","name":"Cooperative Teaching","description":"Insegnare \u00e8 bello, condividere lo \u00e8 ancora di pi\u00f9","publisher":{"@id":"https:\/\/cooperativeteaching.it\/#organization"},"potentialAction":[{"@type":"SearchAction","target":{"@type":"EntryPoint","urlTemplate":"https:\/\/cooperativeteaching.it\/?s={search_term_string}"},"query-input":"required name=search_term_string"}],"inLanguage":"it-IT"},{"@type":"Organization","@id":"https:\/\/cooperativeteaching.it\/#organization","name":"Cooperative Teaching","url":"https:\/\/cooperativeteaching.it\/","logo":{"@type":"ImageObject","inLanguage":"it-IT","@id":"https:\/\/cooperativeteaching.it\/#\/schema\/logo\/image\/","url":"https:\/\/cooperativeteaching.it\/wp-content\/uploads\/2022\/08\/Honey.png","contentUrl":"https:\/\/cooperativeteaching.it\/wp-content\/uploads\/2022\/08\/Honey.png","width":500,"height":500,"caption":"Cooperative Teaching"},"image":{"@id":"https:\/\/cooperativeteaching.it\/#\/schema\/logo\/image\/"},"sameAs":["https:\/\/www.instagram.com\/pseudo_intellettuale\/"]}]}},"_links":{"self":[{"href":"https:\/\/cooperativeteaching.it\/index.php\/wp-json\/wp\/v2\/pages\/308","targetHints":{"allow":["GET"]}}],"collection":[{"href":"https:\/\/cooperativeteaching.it\/index.php\/wp-json\/wp\/v2\/pages"}],"about":[{"href":"https:\/\/cooperativeteaching.it\/index.php\/wp-json\/wp\/v2\/types\/page"}],"author":[{"embeddable":true,"href":"https:\/\/cooperativeteaching.it\/index.php\/wp-json\/wp\/v2\/users\/1"}],"replies":[{"embeddable":true,"href":"https:\/\/cooperativeteaching.it\/index.php\/wp-json\/wp\/v2\/comments?post=308"}],"version-history":[{"count":22,"href":"https:\/\/cooperativeteaching.it\/index.php\/wp-json\/wp\/v2\/pages\/308\/revisions"}],"predecessor-version":[{"id":895,"href":"https:\/\/cooperativeteaching.it\/index.php\/wp-json\/wp\/v2\/pages\/308\/revisions\/895"}],"wp:attachment":[{"href":"https:\/\/cooperativeteaching.it\/index.php\/wp-json\/wp\/v2\/media?parent=308"}],"curies":[{"name":"wp","href":"https:\/\/api.w.org\/{rel}","templated":true}]}}