{"id":481,"date":"2022-08-29T13:33:54","date_gmt":"2022-08-29T13:33:54","guid":{"rendered":"https:\/\/cooperativeteaching.it\/?page_id=481"},"modified":"2025-08-17T15:00:54","modified_gmt":"2025-08-17T15:00:54","slug":"eventi-passati","status":"publish","type":"page","link":"https:\/\/cooperativeteaching.it\/index.php\/eventi-passati\/","title":{"rendered":"Eventi passati"},"content":{"rendered":"\n<p>Anche se queste Occasioni non sono pi\u00f9 disponibili, \u00e8 comunque importante tenere traccia di ci\u00f2 che il Cooperative Teaching fa. Ecco allora una carrellata di tutte le attivit\u00e0 proposte, in modo che se siete appena arrivati qui, possiate vedere un po&#8217; come funziona. All&#8217;interno delle attivit\u00e0 potrebbero esserci dei file allegati o video o altri materiali pensati per chi non ha potuto partecipare, ma \u00e8 interessato. Non lasciateveli sfuggire!<\/p>\n\n\n\n<div class=\"wp-block-columns is-layout-flex wp-container-core-columns-is-layout-9d6595d7 wp-block-columns-is-layout-flex\">\n<div class=\"wp-block-column is-layout-flow wp-block-column-is-layout-flow\"><\/div>\n\n\n\n<div class=\"wp-block-column is-layout-flow wp-block-column-is-layout-flow\">\n<p><\/p>\n<\/div>\n<\/div>\n\n\n\n<p><\/p>\n\n\n\n<div class=\"wp-block-media-text alignwide is-stacked-on-mobile\"><figure class=\"wp-block-media-text__media\"><img loading=\"lazy\" decoding=\"async\" width=\"1024\" height=\"502\" src=\"https:\/\/cooperativeteaching.it\/wp-content\/uploads\/2025\/08\/Cattura-1024x502.jpg\" alt=\"\" class=\"wp-image-910 size-full\" srcset=\"https:\/\/cooperativeteaching.it\/wp-content\/uploads\/2025\/08\/Cattura-1024x502.jpg 1024w, https:\/\/cooperativeteaching.it\/wp-content\/uploads\/2025\/08\/Cattura-300x147.jpg 300w, https:\/\/cooperativeteaching.it\/wp-content\/uploads\/2025\/08\/Cattura-768x376.jpg 768w, https:\/\/cooperativeteaching.it\/wp-content\/uploads\/2025\/08\/Cattura.jpg 1124w\" sizes=\"auto, (max-width: 1024px) 100vw, 1024px\" \/><\/figure><div class=\"wp-block-media-text__content\">\n<p class=\"has-nv-dark-bg-color has-text-color\">Pensavate di non rivederci pi\u00f9, vero? Questo \u00e8 perch\u00e9 il GDL Jigsaw ora ha una pagina tutta sua su Instagram! Cosa aspetti a seguirla?<\/p>\n\n\n\n<div class=\"wp-block-buttons is-layout-flex wp-block-buttons-is-layout-flex\">\n<div class=\"wp-block-button\"><a class=\"wp-block-button__link wp-element-button\" href=\"https:\/\/cooperativeteaching.it\/index.php\/2025\/08\/17\/gdl-jigsaw\/\">Scopri di pi\u00f9<\/a><\/div>\n<\/div>\n<\/div><\/div>\n\n\n\n<p><\/p>\n\n\n\n<div class=\"wp-block-media-text alignwide is-stacked-on-mobile\"><figure class=\"wp-block-media-text__media\"><img loading=\"lazy\" decoding=\"async\" width=\"1024\" height=\"576\" src=\"https:\/\/cooperativeteaching.it\/wp-content\/uploads\/2023\/09\/34170_hd-1024x576.jpg\" alt=\"\" class=\"wp-image-787 size-full\" srcset=\"https:\/\/cooperativeteaching.it\/wp-content\/uploads\/2023\/09\/34170_hd-1024x576.jpg 1024w, https:\/\/cooperativeteaching.it\/wp-content\/uploads\/2023\/09\/34170_hd-300x169.jpg 300w, https:\/\/cooperativeteaching.it\/wp-content\/uploads\/2023\/09\/34170_hd-768x432.jpg 768w, https:\/\/cooperativeteaching.it\/wp-content\/uploads\/2023\/09\/34170_hd.jpg 1280w\" sizes=\"auto, (max-width: 1024px) 100vw, 1024px\" \/><\/figure><div class=\"wp-block-media-text__content\">\n<p class=\"has-nv-dark-bg-color has-text-color\">I partecipanti del GDL Jigsaw dell&#8217;estate 2023 sono stati invitati a partecipare a un Webinar intitolato &#8220;Raccontare la paura a scuola&#8221;. A fornirci tanti spunti di lettura e consigli \u00e8 stata Lodovica Cima, che ha fatto della paura il suo cavallo di battaglia, fondando la casa editrice Pelledoca.<\/p>\n\n\n\n<div class=\"wp-block-buttons is-layout-flex wp-block-buttons-is-layout-flex\">\n<div class=\"wp-block-button\"><a class=\"wp-block-button__link wp-element-button\" href=\"https:\/\/cooperativeteaching.it\/index.php\/2023\/09\/21\/raccontare-la-paura-a-scuola\/\">Scopri di pi\u00f9<\/a><\/div>\n<\/div>\n<\/div><\/div>\n\n\n\n<p><\/p>\n\n\n\n<div class=\"wp-block-media-text alignwide is-stacked-on-mobile\"><figure class=\"wp-block-media-text__media\"><img loading=\"lazy\" decoding=\"async\" width=\"1024\" height=\"768\" src=\"https:\/\/cooperativeteaching.it\/wp-content\/uploads\/2022\/11\/sabina-sturzu-lFxoe_hGgA4-unsplash-2-1024x768.jpg\" alt=\"\" class=\"wp-image-680 size-full\" srcset=\"https:\/\/cooperativeteaching.it\/wp-content\/uploads\/2022\/11\/sabina-sturzu-lFxoe_hGgA4-unsplash-2-1024x768.jpg 1024w, https:\/\/cooperativeteaching.it\/wp-content\/uploads\/2022\/11\/sabina-sturzu-lFxoe_hGgA4-unsplash-2-300x225.jpg 300w, https:\/\/cooperativeteaching.it\/wp-content\/uploads\/2022\/11\/sabina-sturzu-lFxoe_hGgA4-unsplash-2-768x576.jpg 768w, https:\/\/cooperativeteaching.it\/wp-content\/uploads\/2022\/11\/sabina-sturzu-lFxoe_hGgA4-unsplash-2-1536x1152.jpg 1536w, https:\/\/cooperativeteaching.it\/wp-content\/uploads\/2022\/11\/sabina-sturzu-lFxoe_hGgA4-unsplash-2-2048x1536.jpg 2048w\" sizes=\"auto, (max-width: 1024px) 100vw, 1024px\" \/><\/figure><div class=\"wp-block-media-text__content\">\n<p class=\"has-nv-dark-bg-color has-text-color\">Il Gdl Jigsaw \u00e8 tornato per un\u2019edizione speciale natalizia, ma soprattutto torna per consigliare libri per grandi e piccini. Un Gruppo di Lettura per ogni ordine e grado della scuola, con tante novit\u00e0 e ospiti speciali.<\/p>\n\n\n\n<div class=\"wp-block-buttons is-layout-flex wp-block-buttons-is-layout-flex\">\n<div class=\"wp-block-button\"><a class=\"wp-block-button__link wp-element-button\" href=\"https:\/\/cooperativeteaching.it\/index.php\/2022\/11\/28\/gdl-jigsaw-christmas-edition\/\">Scopri di pi\u00f9<\/a><\/div>\n<\/div>\n<\/div><\/div>\n\n\n\n<p><\/p>\n\n\n\n<div class=\"wp-block-media-text alignwide is-stacked-on-mobile\"><figure class=\"wp-block-media-text__media\"><img loading=\"lazy\" decoding=\"async\" width=\"1024\" height=\"576\" src=\"https:\/\/cooperativeteaching.it\/wp-content\/uploads\/2022\/12\/nathan-dumlao-ozVQrfENFOs-unsplash-edited-1024x576.jpg\" alt=\"\" class=\"wp-image-692 size-full\" srcset=\"https:\/\/cooperativeteaching.it\/wp-content\/uploads\/2022\/12\/nathan-dumlao-ozVQrfENFOs-unsplash-edited-1024x576.jpg 1024w, https:\/\/cooperativeteaching.it\/wp-content\/uploads\/2022\/12\/nathan-dumlao-ozVQrfENFOs-unsplash-edited-300x169.jpg 300w, https:\/\/cooperativeteaching.it\/wp-content\/uploads\/2022\/12\/nathan-dumlao-ozVQrfENFOs-unsplash-edited-768x432.jpg 768w, https:\/\/cooperativeteaching.it\/wp-content\/uploads\/2022\/12\/nathan-dumlao-ozVQrfENFOs-unsplash-edited-1536x864.jpg 1536w, https:\/\/cooperativeteaching.it\/wp-content\/uploads\/2022\/12\/nathan-dumlao-ozVQrfENFOs-unsplash-edited-2048x1152.jpg 2048w\" sizes=\"auto, (max-width: 1024px) 100vw, 1024px\" \/><\/figure><div class=\"wp-block-media-text__content\">\n<p class=\"has-nv-dark-bg-color has-text-color\">Hai una classe difficile e non sai come gestirla? Questo incontro \u00e8 pensato per te. Un gruppo di dieci docenti si confronta su metodi e strategie per la gestione delle classi difficili, partendo dalla propria esperienza in un consiglio straordinario virtuale.<\/p>\n\n\n\n<div class=\"wp-block-buttons is-layout-flex wp-block-buttons-is-layout-flex\">\n<div class=\"wp-block-button\"><a class=\"wp-block-button__link wp-element-button\" href=\"https:\/\/cooperativeteaching.it\/index.php\/2022\/12\/05\/coffee-break-le-classi-difficili\/\">Scopri di pi\u00f9<\/a><\/div>\n<\/div>\n<\/div><\/div>\n\n\n\n<p><\/p>\n\n\n\n<div class=\"wp-block-media-text alignwide is-stacked-on-mobile\"><figure class=\"wp-block-media-text__media\"><img loading=\"lazy\" decoding=\"async\" width=\"1024\" height=\"683\" src=\"https:\/\/cooperativeteaching.it\/wp-content\/uploads\/2022\/09\/hannah-busing-Zyx1bK9mqmA-unsplash-1-1024x683.jpg\" alt=\"\" class=\"wp-image-616 size-full\" srcset=\"https:\/\/cooperativeteaching.it\/wp-content\/uploads\/2022\/09\/hannah-busing-Zyx1bK9mqmA-unsplash-1-1024x683.jpg 1024w, https:\/\/cooperativeteaching.it\/wp-content\/uploads\/2022\/09\/hannah-busing-Zyx1bK9mqmA-unsplash-1-300x200.jpg 300w, https:\/\/cooperativeteaching.it\/wp-content\/uploads\/2022\/09\/hannah-busing-Zyx1bK9mqmA-unsplash-1-768x512.jpg 768w, https:\/\/cooperativeteaching.it\/wp-content\/uploads\/2022\/09\/hannah-busing-Zyx1bK9mqmA-unsplash-1-1536x1024.jpg 1536w, https:\/\/cooperativeteaching.it\/wp-content\/uploads\/2022\/09\/hannah-busing-Zyx1bK9mqmA-unsplash-1-2048x1365.jpg 2048w, https:\/\/cooperativeteaching.it\/wp-content\/uploads\/2022\/09\/hannah-busing-Zyx1bK9mqmA-unsplash-1-930x620.jpg 930w\" sizes=\"auto, (max-width: 1024px) 100vw, 1024px\" \/><\/figure><div class=\"wp-block-media-text__content\">\n<p class=\"has-nv-dark-bg-color has-text-color\">A grande richiesta \u00e8 tornata la possibilit\u00e0 di confronto tra docenti di materia e docenti di sostegno. Il dialogo tra questi due mondi \u00e8 possibile, cos\u00ec come \u00e8 possibile ragionare in termini di inclusione e interdisciplinarit\u00e0.<\/p>\n\n\n\n<div class=\"wp-block-buttons is-layout-flex wp-block-buttons-is-layout-flex\">\n<div class=\"wp-block-button\"><a class=\"wp-block-button__link wp-element-button\" href=\"https:\/\/cooperativeteaching.it\/index.php\/2022\/10\/06\/s-o-s-teniamoci\/\">Scopri di pi\u00f9<\/a><\/div>\n<\/div>\n<\/div><\/div>\n\n\n\n<p><\/p>\n\n\n\n<div class=\"wp-block-media-text alignwide is-stacked-on-mobile\"><figure class=\"wp-block-media-text__media\"><img loading=\"lazy\" decoding=\"async\" width=\"930\" height=\"620\" src=\"https:\/\/cooperativeteaching.it\/wp-content\/uploads\/2022\/08\/kimberly-farmer-lUaaKCUANVI-unsplash-930x620-1.jpg\" alt=\"\" class=\"wp-image-482 size-full\" srcset=\"https:\/\/cooperativeteaching.it\/wp-content\/uploads\/2022\/08\/kimberly-farmer-lUaaKCUANVI-unsplash-930x620-1.jpg 930w, https:\/\/cooperativeteaching.it\/wp-content\/uploads\/2022\/08\/kimberly-farmer-lUaaKCUANVI-unsplash-930x620-1-300x200.jpg 300w, https:\/\/cooperativeteaching.it\/wp-content\/uploads\/2022\/08\/kimberly-farmer-lUaaKCUANVI-unsplash-930x620-1-768x512.jpg 768w\" sizes=\"auto, (max-width: 930px) 100vw, 930px\" \/><\/figure><div class=\"wp-block-media-text__content\">\n<p class=\"has-nv-dark-bg-color has-text-color\">Il primo GDL in modalit\u00e0 Jigsaw \u00e8 interamente dedicato agli insegnanti della Scuola secondaria di primo e secondo grado. Vieni a scoprire le cinquine che hanno accompagnato la nostra estate 2022. <\/p>\n\n\n\n<div class=\"wp-block-buttons is-layout-flex wp-block-buttons-is-layout-flex\">\n<div class=\"wp-block-button\"><a class=\"wp-block-button__link wp-element-button\" href=\"https:\/\/cooperativeteaching.it\/index.php\/2021\/11\/02\/what-is-the-progressive-web-app-pwa-and-how-it-works\/\">Scopri di pi\u00f9<\/a><\/div>\n<\/div>\n<\/div><\/div>\n\n\n\n<p><\/p>\n\n\n\n<div class=\"wp-block-media-text alignwide is-stacked-on-mobile\"><figure class=\"wp-block-media-text__media\"><img loading=\"lazy\" decoding=\"async\" width=\"1024\" height=\"576\" src=\"https:\/\/cooperativeteaching.it\/wp-content\/uploads\/2022\/09\/estee-janssens-mO3s5xdo68Y-unsplash-edited-2-1024x576.jpg\" alt=\"\" class=\"wp-image-603 size-full\" srcset=\"https:\/\/cooperativeteaching.it\/wp-content\/uploads\/2022\/09\/estee-janssens-mO3s5xdo68Y-unsplash-edited-2-1024x576.jpg 1024w, https:\/\/cooperativeteaching.it\/wp-content\/uploads\/2022\/09\/estee-janssens-mO3s5xdo68Y-unsplash-edited-2-300x169.jpg 300w, https:\/\/cooperativeteaching.it\/wp-content\/uploads\/2022\/09\/estee-janssens-mO3s5xdo68Y-unsplash-edited-2-768x432.jpg 768w, https:\/\/cooperativeteaching.it\/wp-content\/uploads\/2022\/09\/estee-janssens-mO3s5xdo68Y-unsplash-edited-2-1536x865.jpg 1536w, https:\/\/cooperativeteaching.it\/wp-content\/uploads\/2022\/09\/estee-janssens-mO3s5xdo68Y-unsplash-edited-2-2048x1153.jpg 2048w\" sizes=\"auto, (max-width: 1024px) 100vw, 1024px\" \/><\/figure><div class=\"wp-block-media-text__content\">\n<p class=\"has-nv-dark-bg-color has-text-color\">Vorresti muovere i primi passi nel mondo della scuola ma brancoli nel buio? Ti hanno chiamato per la tua prima supplenza e non sai cosa ti aspetta? Questo Webinar di benvenuto fa proprio per te.<\/p>\n\n\n\n<div class=\"wp-block-buttons is-layout-flex wp-block-buttons-is-layout-flex\">\n<div class=\"wp-block-button\"><a class=\"wp-block-button__link wp-element-button\" href=\"https:\/\/cooperativeteaching.it\/index.php\/2022\/08\/28\/checklist-e-primi-passi\/\">Scopri di pi\u00f9<\/a><\/div>\n<\/div>\n<\/div><\/div>\n\n\n\n<p><\/p>\n\n\n\n<p><\/p>\n\n\n\n<p><\/p>\n","protected":false},"excerpt":{"rendered":"<p>Anche se queste Occasioni non sono pi\u00f9 disponibili, \u00e8 comunque importante tenere traccia di ci\u00f2 che il Cooperative Teaching fa. Ecco allora una carrellata di tutte le attivit\u00e0 proposte, in modo che se siete appena arrivati qui, possiate vedere un po&#8217; come funziona. All&#8217;interno delle attivit\u00e0 potrebbero esserci dei file allegati o video o altri&hellip;&nbsp;<a href=\"https:\/\/cooperativeteaching.it\/index.php\/eventi-passati\/\" class=\"\" rel=\"bookmark\">Leggi tutto &raquo;<span class=\"screen-reader-text\">Eventi passati<\/span><\/a><\/p>\n","protected":false},"author":1,"featured_media":0,"parent":0,"menu_order":0,"comment_status":"closed","ping_status":"closed","template":"","meta":{"neve_meta_sidebar":"","neve_meta_container":"","neve_meta_enable_content_width":"","neve_meta_content_width":0,"neve_meta_title_alignment":"","neve_meta_author_avatar":"","neve_post_elements_order":"","neve_meta_disable_header":"","neve_meta_disable_footer":"","neve_meta_disable_title":"","footnotes":""},"class_list":["post-481","page","type-page","status-publish","hentry"],"yoast_head":"<!-- This site is optimized with the Yoast SEO plugin v19.11 - https:\/\/yoast.com\/wordpress\/plugins\/seo\/ -->\n<title>Eventi passati - Cooperative Teaching<\/title>\n<meta name=\"robots\" content=\"index, follow, max-snippet:-1, max-image-preview:large, max-video-preview:-1\" \/>\n<link rel=\"canonical\" href=\"https:\/\/cooperativeteaching.it\/index.php\/eventi-passati\/\" \/>\n<meta property=\"og:locale\" content=\"it_IT\" \/>\n<meta property=\"og:type\" content=\"article\" \/>\n<meta property=\"og:title\" content=\"Eventi passati - Cooperative Teaching\" \/>\n<meta property=\"og:description\" content=\"Anche se queste Occasioni non sono pi\u00f9 disponibili, \u00e8 comunque importante tenere traccia di ci\u00f2 che il Cooperative Teaching fa. Ecco allora una carrellata di tutte le attivit\u00e0 proposte, in modo che se siete appena arrivati qui, possiate vedere un po&#8217; come funziona. All&#8217;interno delle attivit\u00e0 potrebbero esserci dei file allegati o video o altri&hellip;&nbsp;Leggi tutto &raquo;Eventi passati\" \/>\n<meta property=\"og:url\" content=\"https:\/\/cooperativeteaching.it\/index.php\/eventi-passati\/\" \/>\n<meta property=\"og:site_name\" content=\"Cooperative Teaching\" \/>\n<meta property=\"article:modified_time\" content=\"2025-08-17T15:00:54+00:00\" \/>\n<meta property=\"og:image\" content=\"https:\/\/cooperativeteaching.it\/wp-content\/uploads\/2025\/08\/Cattura-1024x502.jpg\" \/>\n<meta name=\"twitter:card\" content=\"summary_large_image\" \/>\n<meta name=\"twitter:label1\" content=\"Tempo di lettura stimato\" \/>\n\t<meta name=\"twitter:data1\" content=\"4 minuti\" \/>\n<script type=\"application\/ld+json\" class=\"yoast-schema-graph\">{\"@context\":\"https:\/\/schema.org\",\"@graph\":[{\"@type\":\"WebPage\",\"@id\":\"https:\/\/cooperativeteaching.it\/index.php\/eventi-passati\/\",\"url\":\"https:\/\/cooperativeteaching.it\/index.php\/eventi-passati\/\",\"name\":\"Eventi passati - Cooperative Teaching\",\"isPartOf\":{\"@id\":\"https:\/\/cooperativeteaching.it\/#website\"},\"datePublished\":\"2022-08-29T13:33:54+00:00\",\"dateModified\":\"2025-08-17T15:00:54+00:00\",\"breadcrumb\":{\"@id\":\"https:\/\/cooperativeteaching.it\/index.php\/eventi-passati\/#breadcrumb\"},\"inLanguage\":\"it-IT\",\"potentialAction\":[{\"@type\":\"ReadAction\",\"target\":[\"https:\/\/cooperativeteaching.it\/index.php\/eventi-passati\/\"]}]},{\"@type\":\"BreadcrumbList\",\"@id\":\"https:\/\/cooperativeteaching.it\/index.php\/eventi-passati\/#breadcrumb\",\"itemListElement\":[{\"@type\":\"ListItem\",\"position\":1,\"name\":\"Home\",\"item\":\"https:\/\/cooperativeteaching.it\/\"},{\"@type\":\"ListItem\",\"position\":2,\"name\":\"Eventi passati\"}]},{\"@type\":\"WebSite\",\"@id\":\"https:\/\/cooperativeteaching.it\/#website\",\"url\":\"https:\/\/cooperativeteaching.it\/\",\"name\":\"Cooperative Teaching\",\"description\":\"Insegnare \u00e8 bello, condividere lo \u00e8 ancora di pi\u00f9\",\"publisher\":{\"@id\":\"https:\/\/cooperativeteaching.it\/#organization\"},\"potentialAction\":[{\"@type\":\"SearchAction\",\"target\":{\"@type\":\"EntryPoint\",\"urlTemplate\":\"https:\/\/cooperativeteaching.it\/?s={search_term_string}\"},\"query-input\":\"required name=search_term_string\"}],\"inLanguage\":\"it-IT\"},{\"@type\":\"Organization\",\"@id\":\"https:\/\/cooperativeteaching.it\/#organization\",\"name\":\"Cooperative Teaching\",\"url\":\"https:\/\/cooperativeteaching.it\/\",\"logo\":{\"@type\":\"ImageObject\",\"inLanguage\":\"it-IT\",\"@id\":\"https:\/\/cooperativeteaching.it\/#\/schema\/logo\/image\/\",\"url\":\"https:\/\/cooperativeteaching.it\/wp-content\/uploads\/2022\/08\/Honey.png\",\"contentUrl\":\"https:\/\/cooperativeteaching.it\/wp-content\/uploads\/2022\/08\/Honey.png\",\"width\":500,\"height\":500,\"caption\":\"Cooperative Teaching\"},\"image\":{\"@id\":\"https:\/\/cooperativeteaching.it\/#\/schema\/logo\/image\/\"},\"sameAs\":[\"https:\/\/www.instagram.com\/pseudo_intellettuale\/\"]}]}<\/script>\n<!-- \/ Yoast SEO plugin. -->","yoast_head_json":{"title":"Eventi passati - Cooperative Teaching","robots":{"index":"index","follow":"follow","max-snippet":"max-snippet:-1","max-image-preview":"max-image-preview:large","max-video-preview":"max-video-preview:-1"},"canonical":"https:\/\/cooperativeteaching.it\/index.php\/eventi-passati\/","og_locale":"it_IT","og_type":"article","og_title":"Eventi passati - Cooperative Teaching","og_description":"Anche se queste Occasioni non sono pi\u00f9 disponibili, \u00e8 comunque importante tenere traccia di ci\u00f2 che il Cooperative Teaching fa. Ecco allora una carrellata di tutte le attivit\u00e0 proposte, in modo che se siete appena arrivati qui, possiate vedere un po&#8217; come funziona. All&#8217;interno delle attivit\u00e0 potrebbero esserci dei file allegati o video o altri&hellip;&nbsp;Leggi tutto &raquo;Eventi passati","og_url":"https:\/\/cooperativeteaching.it\/index.php\/eventi-passati\/","og_site_name":"Cooperative Teaching","article_modified_time":"2025-08-17T15:00:54+00:00","og_image":[{"url":"https:\/\/cooperativeteaching.it\/wp-content\/uploads\/2025\/08\/Cattura-1024x502.jpg"}],"twitter_card":"summary_large_image","twitter_misc":{"Tempo di lettura stimato":"4 minuti"},"schema":{"@context":"https:\/\/schema.org","@graph":[{"@type":"WebPage","@id":"https:\/\/cooperativeteaching.it\/index.php\/eventi-passati\/","url":"https:\/\/cooperativeteaching.it\/index.php\/eventi-passati\/","name":"Eventi passati - Cooperative Teaching","isPartOf":{"@id":"https:\/\/cooperativeteaching.it\/#website"},"datePublished":"2022-08-29T13:33:54+00:00","dateModified":"2025-08-17T15:00:54+00:00","breadcrumb":{"@id":"https:\/\/cooperativeteaching.it\/index.php\/eventi-passati\/#breadcrumb"},"inLanguage":"it-IT","potentialAction":[{"@type":"ReadAction","target":["https:\/\/cooperativeteaching.it\/index.php\/eventi-passati\/"]}]},{"@type":"BreadcrumbList","@id":"https:\/\/cooperativeteaching.it\/index.php\/eventi-passati\/#breadcrumb","itemListElement":[{"@type":"ListItem","position":1,"name":"Home","item":"https:\/\/cooperativeteaching.it\/"},{"@type":"ListItem","position":2,"name":"Eventi passati"}]},{"@type":"WebSite","@id":"https:\/\/cooperativeteaching.it\/#website","url":"https:\/\/cooperativeteaching.it\/","name":"Cooperative Teaching","description":"Insegnare \u00e8 bello, condividere lo \u00e8 ancora di pi\u00f9","publisher":{"@id":"https:\/\/cooperativeteaching.it\/#organization"},"potentialAction":[{"@type":"SearchAction","target":{"@type":"EntryPoint","urlTemplate":"https:\/\/cooperativeteaching.it\/?s={search_term_string}"},"query-input":"required name=search_term_string"}],"inLanguage":"it-IT"},{"@type":"Organization","@id":"https:\/\/cooperativeteaching.it\/#organization","name":"Cooperative Teaching","url":"https:\/\/cooperativeteaching.it\/","logo":{"@type":"ImageObject","inLanguage":"it-IT","@id":"https:\/\/cooperativeteaching.it\/#\/schema\/logo\/image\/","url":"https:\/\/cooperativeteaching.it\/wp-content\/uploads\/2022\/08\/Honey.png","contentUrl":"https:\/\/cooperativeteaching.it\/wp-content\/uploads\/2022\/08\/Honey.png","width":500,"height":500,"caption":"Cooperative Teaching"},"image":{"@id":"https:\/\/cooperativeteaching.it\/#\/schema\/logo\/image\/"},"sameAs":["https:\/\/www.instagram.com\/pseudo_intellettuale\/"]}]}},"_links":{"self":[{"href":"https:\/\/cooperativeteaching.it\/index.php\/wp-json\/wp\/v2\/pages\/481","targetHints":{"allow":["GET"]}}],"collection":[{"href":"https:\/\/cooperativeteaching.it\/index.php\/wp-json\/wp\/v2\/pages"}],"about":[{"href":"https:\/\/cooperativeteaching.it\/index.php\/wp-json\/wp\/v2\/types\/page"}],"author":[{"embeddable":true,"href":"https:\/\/cooperativeteaching.it\/index.php\/wp-json\/wp\/v2\/users\/1"}],"replies":[{"embeddable":true,"href":"https:\/\/cooperativeteaching.it\/index.php\/wp-json\/wp\/v2\/comments?post=481"}],"version-history":[{"count":19,"href":"https:\/\/cooperativeteaching.it\/index.php\/wp-json\/wp\/v2\/pages\/481\/revisions"}],"predecessor-version":[{"id":911,"href":"https:\/\/cooperativeteaching.it\/index.php\/wp-json\/wp\/v2\/pages\/481\/revisions\/911"}],"wp:attachment":[{"href":"https:\/\/cooperativeteaching.it\/index.php\/wp-json\/wp\/v2\/media?parent=481"}],"curies":[{"name":"wp","href":"https:\/\/api.w.org\/{rel}","templated":true}]}}